*2 - 170*s + 239. Give j(-83).
571
Let p(t) = 12*t**2 - 233194*t + 2563687. Determine p(11).
5
Let u(l) = 2*l**3 - 241*l**2 + 104*l + 1867. What is u(120)?
-53
Let o(z) = -43319*z + 389887. What is o(9)?
16
Let m(w) = 91*w**3 + 570*w**2 + 184*w + 243. Determine m(-6).
3
Let y(t) = 3*t**2 + 522*t + 22668. What is y(-87)?
-39
Let c(g) = -518176*g - 518138. Determine c(-1).
38
Let z(t) = 790*t + 2355. Calculate z(6).
7095
Let k(y) = 2*y**2 + 2091*y + 386096. Calculate k(-806).
22
Let f(j) = 2*j**2 - 175052*j + 875202. Give f(5).
-8
Let n(m) = 2*m**3 - 130*m**2 + 515*m - 1588. Give n(61).
59
Let d(h) = -435*h**2 - 2682*h - 390. Calculate d(-6).
42
Let s(c) = c**2 - 438*c - 1782. What is s(-4)?
-14
Let d(y) = 3*y**2 - 219*y - 5599. Calculate d(92).
-355
Let w(c) = c**3 - 53*c**2 - 100*c + 1603. What is w(54)?
-881
Let i(u) = -u**3 + 34*u**2 - 364*u + 2907. Calculate i(24).
-69
Let y(g) = g**3 + 9*g**2 + 538*g - 5798. Give y(8).
-406
Let s(w) = -808*w - 26235. Give s(-31).
-1187
Let w(p) = p**2 + 6144*p + 663736. Give w(-110).
-4
Let j(l) = 16508*l - 1502225. What is j(91)?
3
Let k(m) = -30821*m - 29095030. Give k(-944).
-6
Let y(i) = 3*i**3 + 19*i**2 + 238*i + 1150. Determine y(-5).
60
Let w(d) = 384*d**2 + 8048*d - 60. What is w(-21)?
276
Let k(n) = 3*n**2 - 2767*n + 13811. What is k(5)?
51
Let i(l) = -l**3 + 199*l**2 - 809*l + 81750. Determine i(197).
-5
Let f(m) = -5*m**2 + 96*m - 170. Determine f(15).
145
Let c(p) = -3*p**3 + 209*p**2 + 66*p + 173. Determine c(70).
-107
Let f(k) = 36149*k - 253078. What is f(7)?
-35
Let t(m) = -2*m**3 - 660*m**2 - 682*m - 7873. What is t(-329)?
23
Let i(o) = -65528*o - 196538. What is i(-3)?
46
Let b(h) = -2*h**3 + 152*h**2 - 702*h + 493. What is b(71)?
1061
Let l(j) = -12*j**2 - 1073*j - 4149. What is l(-4)?
-49
Let p(j) = 1446*j - 1593. What is p(0)?
-1593
Let s(g) = 37*g**2 - 3426*g + 2107. Determine s(92).
83
Let t(f) = f**2 - 150*f + 3822. Determine t(34).
-122
Let o(m) = -4*m**2 + 74*m - 218. Determine o(17).
-116
Let w(y) = -98*y**2 - 9994*y + 292. What is w(-102)?
88
Let r(c) = -2*c**2 - 8987*c - 214486. Calculate r(-24).
50
Let m(k) = 23*k**2 + 17*k - 432. Determine m(-8).
904
Let h(n) = -8*n**3 - 1867*n**2 - 693*n - 136. Determine h(-233).
-1534
Let j(o) = -167*o + 285. Determine j(-5).
1120
Let y(d) = -8119*d + 8015. Calculate y(1).
-104
Let m(n) = n**2 - 31472*n - 692861. Give m(-22).
7
Let u(g) = -g**3 - 170*g**2 - 490*g + 1840. Calculate u(-167).
3
Let m(s) = -s**3 + 77*s**2 + 169*s - 18798. Determine m(76).
-178
Let n(r) = -r**3 + 38*r**2 + 172*r - 4818. What is n(39)?
369
Let m(k) = -5816*k - 46583. What is m(-8)?
-55
Let p(g) = g**3 - 7*g**2 - 480*g + 5174. What is p(12)?
134
Let w(g) = -8*g**2 + 20801*g - 1278707. What is w(63)?
4
Let i(f) = -f**3 + 437*f**2 - 19685*f - 8. Determine i(386).
378
Let z(n) = -n**3 + 105*n**2 + 2369*n - 1319. Give z(124).
293
Let x(u) = -3*u**2 - 144*u + 603. Give x(4).
-21
Let h(z) = -z**3 + 266*z**2 + 284*z - 4549. What is h(267)?
-10
Let a(b) = 1213*b**2 + 224445*b + 7431. What is a(-185)?
31
Let p(d) = -2*d**3 - 195*d**2 - 3150*d + 316. Give p(-77).
-223
Let c(g) = 4*g**3 + 33*g**2 - 146*g + 172. Give c(2).
44
Let y(n) = -6*n**2 + 512*n + 8366. What is y(-17)?
-2072
Let a(k) = -k**3 - 24*k**2 - 17*k + 1157. Calculate a(-20).
-103
Let s(b) = 5994*b - 2709290. Determine s(452).
-2
Let i(n) = 105*n**2 - 10920*n - 2. Determine i(104).
-2
Let p(x) = -2*x**3 + 15*x**2 + 450*x + 1643. Determine p(-7).
-86
Let x(o) = -o**2 - 642*o - 42003. What is x(-74)?
29
Let v(g) = -2*g**3 - 40*g**2 - 13*g + 367. Give v(-19).
-108
Let w(l) = -78341*l - 9949277. Give w(-127).
30
Let n(v) = v**3 - 67*v**2 + 838*v + 799. Calculate n(18).
7
Let j(r) = -5*r**2 - 725*r - 718. What is j(-1)?
2
Let z(w) = -w**3 - 11*w**2 + 71*w + 845. Calculate z(-9).
44
Let g(i) = -i**2 - 3129*i - 68360. What is g(-22)?
-6
Let t(f) = 1982*f - 3697. Calculate t(2).
267
Let o(x) = 3*x**2 - 4403*x - 26402. Give o(-6).
124
Let p(k) = k**3 + 32*k**2 + 93*k - 1022. What is p(-9)?
4
Let c(k) = 434*k + 2861. Calculate c(-5).
691
Let v(p) = 2596*p**2 - 14*p - 5. Determine v(-1).
2605
Let t(b) = -2*b**3 + 109*b**2 + 76*b - 230. Calculate t(55).
925
Let g(p) = 5*p**2 + 280*p + 3328. Determine g(-17).
13
Let l(r) = 70*r - 1488. What is l(23)?
122
Let y(h) = h**3 + 592*h**2 + 2746*h - 937. What is y(-5)?
8
Let v(j) = 42*j**2 + 1182*j + 6774. Determine v(-8).
6
Let d(q) = -411*q + 5195. Give d(9).
1496
Let i(j) = 9*j**3 - 229*j**2 + 88*j + 409. What is i(25)?
109
Let k(l) = -768*l + 55377. Give k(72).
81
Let x(h) = -1165*h**2 - 10419*h + 601. Calculate x(-9).
7
Let q(r) = -6*r**2 + 183*r + 153. Determine q(23).
1188
Let l(s) = -s**3 - 166*s**2 - 6588*s - 2284. Determine l(-101).
39
Let u(o) = -2101*o - 103346. Calculate u(-50).
1704
Let u(g) = -6*g**3 + 13*g**2 - 8524*g + 25612. What is u(3)?
-5
Let y(x) = x**3 - 268*x**2 - 61*x - 40. Calculate y(0).
-40
Let j(v) = -2761873*v + 8285620. What is j(3)?
1
Let w(l) = l**3 - 78*l**2 - 29*l - 4092. Determine w(79).
-142
Let c(w) = -113*w + 1827. Determine c(28).
-1337
Let v(w) = -121*w**2 - 73279*w - 44768. Give v(-605).
2
Let m(z) = 2*z**2 + 263*z + 7516. What is m(-90)?
46
Let z(l) = -2816*l - 171733. What is z(-61)?
43
Let o(v) = -v**2 - 22703*v - 181614. What is o(-8)?
-54
Let v(a) = 26669*a - 264773. Give v(10).
1917
Let q(b) = -22*b**2 + 467*b + 115. Calculate q(22).
-259
Let n(w) = -118*w + 19555. What is n(167)?
-151
Let g(l) = 19117*l - 210288. What is g(11)?
-1
Let l(r) = r**2 + 3734*r - 1098193. Calculate l(274).
-1
Let c(z) = -z**2 - 469*z + 168270. Give c(238).
4
Let y(o) = 389*o**2 + 2747*o + 161. What is y(-7)?
-7
Let p(j) = -1126*j - 99084. Give p(-88).
4
Let k(r) = r**3 + 61*r**2 + 457*r + 315. Give k(-52).
887
Let k(s) = s**3 + 67*s**2 - 1959*s - 133645. Determine k(-66).
5
Let q(r) = 22079*r + 242859. Give q(-11).
-10
Let u(q) = -231*q - 393. Determine u(-1).
-162
Let c(b) = -8770*b + 52468. Give c(6).
-152
Let g(l) = l**2 - 2118*l - 66760. What is g(-32)?
2040
Let h(g) = -43*g**2 - 391*g + 6. Determine h(-3).
792
Let k(m) = m**3 - 661*m**2 - 598*m - 42398. Determine k(662).
-30
Let s(x) = -17188*x - 4107930. What is s(-239)?
2
Let t(y) = -y**3 + 10*y**2 + 38*y - 56. Give t(-6).
292
Let x(i) = -27*i**3 - i**2 - 586*i + 584. Determine x(1).
-30
Let t(b) = b**3 - 11*b**2 - 12*b + 336. Calculate t(8).
48
Let y(r) = 2*r**3 + 25*r**2 + 26*r + 445. What is y(-14)?
-507
Let o(y) = y**3 - 49*y**2 + 533*y + 8. Determine o(18).
-442
Let v(w) = 181*w - 19324. Determine v(110).
586
Let q(c) = 2595*c - 41738. Calculate q(16).
-218
Let d(b) = 102245*b + 511234. Give d(-5).
9
Let x(i) = -10829*i - 108798. Calculate x(-10).
-508
Let a(z) = 5*z**2 + 745*z - 6178. What is a(8)?
102
Let y(z) = 14204*z + 142066. Determine y(-10).
26
Let q(i) = 3*i**2 - 228*i + 4012. What is q(31)?
-173
Let t(d) = d**3 - 40*d**2 - 2496*d - 2221. What is t(74)?
-741
Let y(a) = -1641*a + 193752. What is y(118)?
114
Let b(f) = -f**3 + 65*f**2 - 316*f + 4488. Give b(61).
96
Let t(i) = i**2 - 713*i + 8319. Determine t(12).
-93
Let d(r) = -1116*r - 8442. What is d(-8)?
486
Let o(p) = -52*p**2 - 1147*p + 1150. What is o(1)?
-49
Let o(c) = -66*c**2 + 8448*c - 11. Calculate o(128).
-11
Let z(a) = -a**3 - 197*a**2 + 215*a + 3474. What is z(-198)?
108
Let q(a) = 3779*a + 30617. Calculate q(-8).
385
Let a(s) = 29175*s + 15462764. Calculate a(-530).
14
Let h(s) = -8846*s - 141543. Give h(-16).
-7
Let r(j) = 1199*j - 1017983. Determine r(849).
-32
Let c(y) = 708*y - 74853. Give c(106).
195
Let a(j) = -5719*j + 22704. Give a(4).
-172
Let p(f) = -184*f - 6561. Give p(-38).
431
Let a(b) = -1310*b + 90461. Determine a(69).
71
Let u(r) = r**3 - 357*r**2 - 9955*r - 1143. Give u(383).
6
Let v(x) = -26946*x + 26952. Give v(1).
6
Let r(o) = 150*o**2 - 134*o + 251. Calculate r(2).
583
Let m(a) = -364*a**2 + 111744*a + 1615. Give m(307).
387
Let y(i) = 275*i - 19103. Determine y(70).
147
Let h(o) = 65*o**2 + 1775*o + 7608. Determine h(-22).
18
Let s(i) = 1603*i - 168295. Calculate s(105).
20
Let i(x) = -3*x**2 - 5366*x - 1267272. Determine i(-280).
8
Let q(h) = 205*h**2 + 1937*h - 11. Give q(-8).
-2387
Let v(j) = j**2 + 483*j - 93324. Determine v(148).
64
Let i(y) = 2*y**2 - 237*y + 6646. Calculate i(73).
3
Let 